3 + 590. What is z(r)?
1
Let y(t) be the first derivative of -t**3/3 - 3*t**2/2 + 5*t - 2. Suppose 0 = w - 4*w. Suppose w + 10 = -2*u. Calculate y(u).
-5
Let k(r) = -6*r**3 + 2*r**3 - 4 + 5*r**3 + 2*r**2 - 2*r + 5*r + 2*r**2. Calculate k(-4).
-16
Suppose -5*a + 2*k - 91 = 3*k, 0 = -4*k - 4. Let z = a + 14. Let o(w) = -w**2 - 3*w. What is o(z)?
-4
Let t(c) = 3*c + 7. Suppose 2*g + 14 = -4*v, -3*g + 9 = 3*v - 7*v. Give t(v).
-2
Let a = -28 - -40. Let f be (a/30)/(1/(-10)). Let u(d) be the second derivative of -d**5/20 - d**4/3 + d**3/6 + d**2 - d. Give u(f).
-2
Suppose 47*j - 45*j - 88 = 0. Suppose 9*n + 2*n = j. Let p(c) = c**2 - 2*c - 1. Determine p(n).
7
Suppose -48*c + 129 + 111 = 0. Let t(z) = z**2 + z - 5. What is t(c)?
25
Let w(x) = 20*x + 6. Let a(l) be the second derivative of 13*l**3/6 + 2*l**2 - 22*l. Let j(h) = 8*a(h) - 5*w(h). Give j(-2).
-6
Let a(t) = 93 - t - 51 + 2*t - 51. Determine a(8).
-1
Let u(q) = -q**3 + 9*q**2 + 11*q - 1. Let x be 1/(-4) - (-123)/(-36)*-3. Give u(x).
9
Suppose -z + 23 - 18 = 0. Let u(r) be the first derivative of -r**3/3 + 5*r**2/2 + 5*r + 2. What is u(z)?
5
Let t(l) = 0*l + l**2 + 0*l**2 + 2*l. Suppose 0 = 2*n + 2*d + 2, n - 12 = 4*d + 12. Suppose -n*w - 12 = -4*r, 3*w + 0*w + 8 = 2*r. Determine t(w).
0
Let m = -2680 + 2686. Let d(s) = -s**3 + 5*s**2 + 5*s - 1. Calculate d(m).
-7
Let y(w) be the third derivative of -7*w**5/30 - 5*w**4/24 - 2*w**3/3 + 250*w**2. Give y(-1).
-13
Let a(t) = -t - 1. Suppose -35 = -2*y + 3*y. Let f = 40 + y. What is a(f)?
-6
Suppose -60*a = -70*a + 50. Let p(y) be the first derivative of 2*y**2 - 5*y - 2. Calculate p(a).
15
Let s(q) be the third derivative of -q**4/24 - 7*q**3/6 + q**2. Let f(x) = -18*x + 139. Let d be f(8). Let n be s(d). Let a(t) = t**2 + 3*t + 3. What is a(n)?
1
Let z(h) be the third derivative of h**5/60 + h**3/2 - 3*h**2. Let w be (-2)/(-4)*(5 - 5). Determine z(w).
3
Let a = -7 - -7. Suppose -5*j + 17 + 13 = a. Let d = j + -2. Let m(y) = -y**3 + 5*y**2 - 3*y - 2. Determine m(d).
2
Let p(a) = -a**3 + 4*a**2 + a - 6. Let o(t) = 2*t**3 - 7*t**2 - 2*t + 11. Let u(q) = 4*o(q) + 9*p(q). Let r be (-2)/4 - (-17)/2. What is u(r)?
-2
Let p be -3 - (33/55 - 12/(-5)). Let y(t) = t**2 - t - 8. Give y(p).
34
Let v(z) be the first derivative of z**4/4 + 2*z**3 + 3*z - 70. Determine v(-5).
28
Let j(q) be the third derivative of -1/120*q**6 + 0*q**4 - 1/60*q**5 + 1/6*q**3 + 0*q + 3*q**2 + 0. Calculate j(0).
1
Let f be -1*((3 - 6) + 1). Suppose 4*w = f*w + 6. Let a(x) = x**w - x**2 + 6*x**2 - 8 - 9*x + 0*x**2. What is a(-6)?
10
Let x = -462 + 462. Let n(u) = 0*u - u**3 + 9 + 0*u**3 - u**2 + 0*u**3 - u. What is n(x)?
9
Let c be (2 - 1984/72) + (-4)/9. Let a(q) = 2*q**2 + 51*q - 23. What is a(c)?
3
Let z(s) = 4 - 24 + 516*s - 525*s. Determine z(-3).
7
Suppose 3*u - d - 32 = u, 53 = 3*u - 4*d. Let w(y) = 3 + 2 - u + 2 - 2*y. Give w(-6).
4
Let t(l) = -3*l + 15. Let s(x) = -x + 7. Let p(d) = -4*s(d) + t(d). Give p(11).
-2
Suppose -49 = 29*s - 36*s. Let z(k) = k**3 - 8*k**2 + 5*k + 8. Give z(s).
-6
Let t(v) = 4*v + 2. Let f(i) = 59*i**3 - 2*i**2 + 1. Let n be f(-1). Let a be (-14)/(-77) + n/(-33). Determine t(a).
10
Let j(a) = a. Let k(g) = 3*g + 5. Let u(m) = -j(m) + k(m). Let d = 58 + -46. Suppose 4*x = -p + d, 4*p + 0 = -3*x - 4. Give u(p).
-3
Suppose 28*f - 135 = -23. Let x(j) = -2*j**2 - 2 + j**3 - 3 + 0*j**3 - 4*j. Calculate x(f).
11
Let o(l) = -3*l**2 - 2*l + 3. Let u(k) = 4*k**2 + 2*k - 4. Let v(g) = -5*o(g) - 4*u(g). Let z = -2 - -1. What is v(z)?
-2
Let f(a) be the third derivative of -a**4/24 - a**3 + 6*a**2 - 2. Determine f(-3).
-3
Let y(c) be the third derivative of c**6/120 - c**5/10 - 3*c**4/8 - 7*c**3/6 + 690*c**2. Let n = -8 - -15. Give y(n).
-21
Let g(s) = s**3 - 3*s**2 - 4*s + 3. Let k(j) = j**2 + 5*j - 13. Let h be k(-7). Let w be 2*1 + (5 + -3 - h). What is g(w)?
-9
Let y(h) = -3*h + 81. Let z(b) = 4*b - 114. Let j(l) = 7*y(l) + 5*z(l). Suppose -s + 4*s = 0. Determine j(s).
-3
Let u be ((-16)/10)/(-6 + (-352)/(-60)). Suppose -3*g + g - 2*j = u, 4*j + 12 = 0. Let b(p) = -p**2 - 3. Determine b(g).
-12
Let n be -6 + (-7)/(49/(-28)). Let b(q) = -q**3 - 2*q**2 - q + 1. Determine b(n).
3
Let t(p) = -p**3 + 2*p**2 + 4. Let w be t(3). Let x(c) = 2 + 3906*c - 1953*c - 1952*c. Determine x(w).
-3
Let b(v) = v - 5. Let n(a) = -4*a + 14. Let d(s) = -6*b(s) - 2*n(s). What is d(-6)?
-10
Let o(v) be the third derivative of 0*v**4 + 0*v + 0 - 23*v**2 + 1/6*v**3 + 1/60*v**5. Let f = -2 + 0. Calculate o(f).
5
Let u(x) = 6*x**3 - x**2 - 2*x + 4. Let j be u(0). Let q(g) be the first derivative of -g**4/4 + 2*g**3 - 5*g**2/2 - 3*g + 1. Determine q(j).
9
Let l(o) = o**3 - 7*o**2 - 6*o - 11. Suppose 10*u + 1590 = 1670. Determine l(u).
5
Suppose -23*i + 12*i = -77. Let t(v) = v + 1. Give t(i).
8
Let p(s) = 4*s**2 - s - 3. Suppose -3*g = -4*o + 6, 2*g + 5*o - 10 - 9 = 0. Calculate p(g).
11
Let p = 390 - 388. Let b(w) be the second derivative of -1/6*w**3 + 0 + 3/2*w**p + 9*w. Calculate b(-6).
9
Let v(u) = u - 3. Suppose 2*h - k - 3 = 0, -k - k + 12 = 2*h. Suppose -n + 4 = -t, h*n + 0 - 8 = -t. Let a = t - -1. Determine v(a).
-3
Let z(b) be the third derivative of -b**5/20 - 5*b**4/24 + b**3 - 217*b**2 - b. Calculate z(-5).
-44
Let k(d) be the third derivative of d**6/120 - d**5/15 - d**4/24 - 2*d**3/3 + 303*d**2. Suppose -3*q + 17 = 5. Calculate k(q).
-8
Let f(i) = i**3 + 3*i**2 + i - 1. Suppose 37*z = 35*z - 110. Let c be 4*(z/10)/11. Calculate f(c).
1
Let p(a) = a**3 - 9*a**2 - a + 4. Let q be (-328)/287 - 142/(-14). What is p(q)?
-5
Let k(s) = -s**3 - 6*s**2 - 5*s + 1. Let z = -80 + 94. Suppose 3*d + 1 = -z. Give k(d).
1
Let w = -1 + -1. Let l(t) = t**3 + t**2 - 2*t + 1. Let q be l(w). Let c(k) be the second derivative of -k**3/2 - k**2/2 - 2*k. Determine c(q).
-4
Let g(t) be the third derivative of -11*t**4/12 + t**3/2 - 288*t**2. What is g(-1)?
25
Let w(r) = r + 4. Let h(x) = -x**2 - 30*x - 49. Let y be h(-28). What is w(y)?
11
Let h(t) be the second derivative of 3*t**5/5 + t**4/6 - t**3/6 - t + 117. Let l = 11 + -8. Let i = -2 + l. Calculate h(i).
13
Let y(k) = -k**3 + 5*k**2 - 4*k + 5. Let z(q) = 3*q - 9. Let p be z(3). Suppose p = 3*n + 4*o - 11 + 3, n - 5*o = 9. Give y(n).
5
Let l(b) = b**3 - 3*b**2 - 6*b - 2. Let y(r) be the first derivative of -r**4/2 + 2*r**3/3 + 3*r**2 + 2*r + 10. Let q(x) = -3*l(x) - 2*y(x). Give q(-4).
-6
Let v be (-252)/(-60) - (-1)/(-5). Suppose -l + v = 2*r, -3*r + 0*r + 1 = -l. Let j(n) = -5*n + l + 10*n - 3*n. Determine j(2).
6
Let l(a) = a**2 + 5*a - 3. Let z = -71 - -66. Calculate l(z).
-3
Suppose 156 = 2*b + 11*b. Let s(d) = -d**3 + 13*d**2 - 12*d + 4. Give s(b).
4
Let b be 95/25 + (-4)/5. Let r(s) = -2*s - 1. What is r(b)?
-7
Suppose -4*d = -3*d - 26. Suppose 0 = -5*n - 2*r - 21, 5*n = n + 3*r - d. Let q(z) = -z**3 - 4*z**2 + 4*z - 1. Determine q(n).
4
Suppose -8 - 2 = -10*x. Let a(c) = 7*c**3 - 2*c + 1. Calculate a(x).
6
Let u(r) = 5*r**2 - 1. Let n(x) = -2*x**2 + 5*x + 1. Let g be n(4). Let c(d) = -d**3 - 10*d**2 + 12*d + 12. Let z be c(g). Give u(z).
4
Let m(k) = -12*k + 118. Let a(v) = 2*v - 23. Let n(b) = -16*a(b) - 3*m(b). Determine n(-7).
-14
Suppose -2*t - 3*t + 15 = 0. Let q be -3*(2/(-6))/(t/3). Let j(z) = 2*z**3 - 2*z**2 + 1. Let f(y) = 5*y**3 - 4*y**2 + 2. Let u(h) = 3*f(h) - 7*j(h). Give u(q).
2
Let d(h) = 2*h**2 + 2*h - 2. Let o = -115 + 113. Determine d(o).
2
Let z(m) be the second derivative of -m**6/120 - 7*m**5/60 - m**4/4 - 2*m**3/3 - 9*m**2 + 16*m. Let x(o) be the first derivative of z(o). What is x(-6)?
-4
Let s be (-1)/(-5) + (-18)/(-10). Suppose w + s = -0. Let n(m) = m**3 - m + 2. What is n(w)?
-4
Let b = 172 - 114. Let t = 57 - b. Let v(c) = -c**3 - c. Calculate v(t).
2
Let i(y) be the first derivative of -2*y**3/3 + y**2/2 - 216. Calculate i(1).
-1
Let l(h) = h**3 + 5*h - 4. Let j(w) = w**3 + 24*w**2 + 96*w + 22. Let f be j(-19). What is l(f)?
38
Let i(a) = 2*a - 3. Let d be (5/3)/(((-30)/6)/(-30)). Let k be (d + 0/2)*24/60. Give i(k).
5
Let w(m) = -m**3 + 11*m**2 - 11*m + 17. Let f be w(10). Let c(l) = -1 - 3 - 2*l**2 + l**2 - 1 - f*l. Give c(-4).
7
Suppose -4 = -95*v + 97*v. Let b(i) = -i**3 - 4*i**2 - 3*i - 4. Give b(v).
-6
Let o = -254 - -257. Let r(x) = 2*x**2 + 3*x + 4. Give r(o).
31
Let d(i) = i**2 - 12*i 